{"id":533,"date":"2025-05-01T21:50:23","date_gmt":"2025-05-01T21:50:23","guid":{"rendered":"https:\/\/fabiag.ch\/?page_id=533"},"modified":"2025-05-01T21:58:20","modified_gmt":"2025-05-01T21:58:20","slug":"ruckbau","status":"publish","type":"page","link":"https:\/\/fabiag.ch\/?page_id=533","title":{"rendered":"Ruckbau"},"content":{"rendered":"\t\t<div data-elementor-type=\"wp-page\" data-elementor-id=\"533\" class=\"elementor elementor-533\" data-elementor-settings=\"[]\">\n\t\t\t\t\t\t<div class=\"elementor-inner\">\n\t\t\t\t\t\t\t<div class=\"elementor-section-wrap\">\n\t\t\t\t\t\t\t<section class=\"elementor-section elementor-top-section elementor-element elementor-element-d079979 elementor-section-full_width elementor-section-height-min-height elementor-section-items-stretch elementor-section-content-middle elementor-section-height-default\" data-id=\"d079979\" data-element_type=\"section\" data-settings=\"{&quot;background_background&quot;:&quot;classic&quot;}\">\n\t\t\t\t\t\t\t<div class=\"elementor-background-overlay\"><\/div>\n\t\t\t\t\t\t\t<div class=\"elementor-container elementor-column-gap-default\">\n\t\t\t\t\t\t\t<div class=\"elementor-row\">\n\t\t\t\t\t<div class=\"elementor-column elementor-col-100 elementor-top-column elementor-element elementor-element-001e147\" data-id=\"001e147\" data-element_type=\"column\">\n\t\t\t<div class=\"elementor-column-wrap elementor-element-populated\">\n\t\t\t\t\t\t\t<div class=\"elementor-widget-wrap\">\n\t\t\t\t\t\t<div class=\"elementor-element elementor-element-e5c3cd7 elementor-widget elementor-widget-heading\" data-id=\"e5c3cd7\" data-element_type=\"widget\" data-widget_type=\"heading.default\">\n\t\t\t\t<div class=\"elementor-widget-container\">\n\t\t\t<h1 class=\"elementor-heading-title elementor-size-xxl\">R\u00fcckbau<\/h1>\t\t<\/div>\n\t\t\t\t<\/div>\n\t\t\t\t\t\t<\/div>\n\t\t\t\t\t<\/div>\n\t\t<\/div>\n\t\t\t\t\t\t\t\t<\/div>\n\t\t\t\t\t<\/div>\n\t\t<\/section>\n\t\t\t\t<section class=\"elementor-section elementor-top-section elementor-element elementor-element-9e8ccd5 elementor-section-boxed elementor-section-height-default elementor-section-height-default\" data-id=\"9e8ccd5\" data-element_type=\"section\">\n\t\t\t\t\t\t<div class=\"elementor-container elementor-column-gap-default\">\n\t\t\t\t\t\t\t<div class=\"elementor-row\">\n\t\t\t\t\t<div class=\"elementor-column elementor-col-100 elementor-top-column elementor-element elementor-element-999ffe5\" data-id=\"999ffe5\" data-element_type=\"column\">\n\t\t\t<div class=\"elementor-column-wrap elementor-element-populated\">\n\t\t\t\t\t\t\t<div class=\"elementor-widget-wrap\">\n\t\t\t\t\t\t<div class=\"elementor-element elementor-element-5f8244b elementor-widget elementor-widget-heading\" data-id=\"5f8244b\" data-element_type=\"widget\" data-widget_type=\"heading.default\">\n\t\t\t\t<div class=\"elementor-widget-container\">\n\t\t\t<h2 class=\"elementor-heading-title elementor-size-default\">R\u00fcckbau \u2013 Nachhaltig, Sorgf\u00e4ltig, Professionell<\/h2>\t\t<\/div>\n\t\t\t\t<\/div>\n\t\t\t\t<div class=\"elementor-element elementor-element-fe512aa elementor-widget elementor-widget-text-editor\" data-id=\"fe512aa\" data-element_type=\"widget\" data-widget_type=\"text-editor.default\">\n\t\t\t\t<div class=\"elementor-widget-container\">\n\t\t\t\t\t<div class=\"elementor-text-editor elementor-clearfix\"><p class=\"\" data-start=\"1920\" data-end=\"2123\">Wir sind Ihr Spezialist f\u00fcr <strong data-start=\"1948\" data-end=\"1967\">R\u00fcckbauarbeiten<\/strong> \u2013 den gezielten, sorgf\u00e4ltigen R\u00fcckbau von Geb\u00e4uden, technischen Anlagen oder Bauteilen mit Fokus auf Nachhaltigkeit, Materialtrennung und Wiederverwertung.<\/p><p class=\"\" data-start=\"2125\" data-end=\"2155\"><strong data-start=\"2125\" data-end=\"2155\">Unsere R\u00fcckbau-Leistungen:<\/strong><\/p><ul data-start=\"2156\" data-end=\"2434\"><li class=\"\" data-start=\"2156\" data-end=\"2210\"><p class=\"\" data-start=\"2158\" data-end=\"2210\">Teilweiser R\u00fcckbau von Geb\u00e4uden und Konstruktionen<\/p><\/li><li class=\"\" data-start=\"2211\" data-end=\"2264\"><p class=\"\" data-start=\"2213\" data-end=\"2264\">Entkernung (W\u00e4nde, Decken, B\u00f6den, Installationen)<\/p><\/li><li class=\"\" data-start=\"2265\" data-end=\"2301\"><p class=\"\" data-start=\"2267\" data-end=\"2301\">R\u00fcckbau nicht tragender Elemente<\/p><\/li><li class=\"\" data-start=\"2302\" data-end=\"2351\"><p class=\"\" data-start=\"2304\" data-end=\"2351\">Technischer R\u00fcckbau von Anlagen und Maschinen<\/p><\/li><li class=\"\" data-start=\"2352\" data-end=\"2393\"><p class=\"\" data-start=\"2354\" data-end=\"2393\">Trennung und Recycling von Baustoffen<\/p><\/li><li class=\"\" data-start=\"2394\" data-end=\"2434\"><p class=\"\" data-start=\"2396\" data-end=\"2434\">Vorbereitung f\u00fcr Sanierung oder Neubau<\/p><\/li><\/ul><p class=\"\" data-start=\"2436\" data-end=\"2708\"><strong data-start=\"2436\" data-end=\"2454\">Warum R\u00fcckbau?<\/strong><br data-start=\"2454\" data-end=\"2457\" \/>R\u00fcckbau ist mehr als Abbruch \u2013 es ist eine <strong data-start=\"2500\" data-end=\"2527\">pr\u00e4zise und durchdachte<\/strong> Vorgehensweise, um wertvolle Materialien zu bewahren und \u00f6kologische Auswirkungen zu minimieren. Unser Ansatz f\u00f6rdert den <strong data-start=\"2650\" data-end=\"2670\">nachhaltigen Bau<\/strong> durch Wiederverwendung und Recycling.<\/p><\/div>\n\t\t\t\t<\/div>\n\t\t\t\t<\/div>\n\t\t\t\t\t\t<\/div>\n\t\t\t\t\t<\/div>\n\t\t<\/div>\n\t\t\t\t\t\t\t\t<\/div>\n\t\t\t\t\t<\/div>\n\t\t<\/section>\n\t\t\t\t<section class=\"elementor-section elementor-top-section elementor-element elementor-element-c3c4066 elementor-section-boxed elementor-section-height-default elementor-section-height-default\" data-id=\"c3c4066\" data-element_type=\"section\">\n\t\t\t\t\t\t<div class=\"elementor-container elementor-column-gap-default\">\n\t\t\t\t\t\t\t<div class=\"elementor-row\">\n\t\t\t\t\t<div class=\"elementor-column elementor-col-100 elementor-top-column elementor-element elementor-element-6a70c28\" data-id=\"6a70c28\" data-element_type=\"column\">\n\t\t\t<div class=\"elementor-column-wrap elementor-element-populated\">\n\t\t\t\t\t\t\t<div class=\"elementor-widget-wrap\">\n\t\t\t\t\t\t<div class=\"elementor-element elementor-element-c7cbcca elementor-arrows-position-inside elementor-pagination-position-outside elementor-widget elementor-widget-image-carousel\" data-id=\"c7cbcca\" data-element_type=\"widget\" data-settings=\"{&quot;slides_to_show&quot;:&quot;2&quot;,&quot;navigation&quot;:&quot;both&quot;,&quot;autoplay&quot;:&quot;yes&quot;,&quot;pause_on_hover&quot;:&quot;yes&quot;,&quot;pause_on_interaction&quot;:&quot;yes&quot;,&quot;autoplay_speed&quot;:5000,&quot;infinite&quot;:&quot;yes&quot;,&quot;speed&quot;:500,&quot;image_spacing_custom&quot;:{&quot;unit&quot;:&quot;px&quot;,&quot;size&quot;:20,&quot;sizes&quot;:[]}}\" data-widget_type=\"image-carousel.default\">\n\t\t\t\t<div class=\"elementor-widget-container\">\n\t\t\t\t\t<div class=\"elementor-image-carousel-wrapper swiper-container\" dir=\"ltr\">\n\t\t\t<div class=\"elementor-image-carousel swiper-wrapper\">\n\t\t\t\t<div class=\"swiper-slide\"><figure class=\"swiper-slide-inner\"><img decoding=\"async\" class=\"swiper-slide-image\" src=\"https:\/\/fabiag.ch\/wp-content\/uploads\/2025\/05\/PHOTO-2025-04-04-13-52-06-3.jpg\" alt=\"PHOTO-2025-04-04-13-52-06-3\" \/><\/figure><\/div><div class=\"swiper-slide\"><figure class=\"swiper-slide-inner\"><img decoding=\"async\" class=\"swiper-slide-image\" src=\"https:\/\/fabiag.ch\/wp-content\/uploads\/2025\/05\/PHOTO-2025-04-04-13-52-06-2.jpg\" alt=\"PHOTO-2025-04-04-13-52-06-2\" \/><\/figure><\/div><div class=\"swiper-slide\"><figure class=\"swiper-slide-inner\"><img decoding=\"async\" class=\"swiper-slide-image\" src=\"https:\/\/fabiag.ch\/wp-content\/uploads\/2025\/05\/PHOTO-2025-04-04-13-57-41.jpg\" alt=\"PHOTO-2025-04-04-13-57-41\" \/><\/figure><\/div><div class=\"swiper-slide\"><figure class=\"swiper-slide-inner\"><img decoding=\"async\" class=\"swiper-slide-image\" src=\"https:\/\/fabiag.ch\/wp-content\/uploads\/2025\/05\/PHOTO-2025-04-04-13-57-41-2.jpg\" alt=\"PHOTO-2025-04-04-13-57-41-2\" \/><\/figure><\/div>\t\t\t<\/div>\n\t\t\t\t\t\t\t\t\t\t\t\t<div class=\"swiper-pagination\"><\/div>\n\t\t\t\t\t\t\t\t\t\t\t\t\t<div class=\"elementor-swiper-button elementor-swiper-button-prev\">\n\t\t\t\t\t\t<i class=\"eicon-chevron-left\" aria-hidden=\"true\"><\/i>\n\t\t\t\t\t\t<span class=\"elementor-screen-only\">Previous<\/span>\n\t\t\t\t\t<\/div>\n\t\t\t\t\t<div class=\"elementor-swiper-button elementor-swiper-button-next\">\n\t\t\t\t\t\t<i class=\"eicon-chevron-right\" aria-hidden=\"true\"><\/i>\n\t\t\t\t\t\t<span class=\"elementor-screen-only\">Next<\/span>\n\t\t\t\t\t<\/div>\n\t\t\t\t\t\t\t\t\t<\/div>\n\t\t\t\t<\/div>\n\t\t\t\t<\/div>\n\t\t\t\t\t\t<\/div>\n\t\t\t\t\t<\/div>\n\t\t<\/div>\n\t\t\t\t\t\t\t\t<\/div>\n\t\t\t\t\t<\/div>\n\t\t<\/section>\n\t\t\t\t<section class=\"elementor-section elementor-top-section elementor-element elementor-element-7e55a42 elementor-section-boxed elementor-section-height-default elementor-section-height-default\" data-id=\"7e55a42\" data-element_type=\"section\">\n\t\t\t\t\t\t<div class=\"elementor-container elementor-column-gap-default\">\n\t\t\t\t\t\t\t<div class=\"elementor-row\">\n\t\t\t\t\t<div class=\"elementor-column elementor-col-100 elementor-top-column elementor-element elementor-element-7044756\" data-id=\"7044756\" data-element_type=\"column\">\n\t\t\t<div class=\"elementor-column-wrap elementor-element-populated\">\n\t\t\t\t\t\t\t<div class=\"elementor-widget-wrap\">\n\t\t\t\t\t\t<div class=\"elementor-element elementor-element-1296f03 elementor-arrows-position-inside elementor-pagination-position-outside elementor-widget elementor-widget-image-carousel\" data-id=\"1296f03\" data-element_type=\"widget\" data-settings=\"{&quot;slides_to_show&quot;:&quot;2&quot;,&quot;navigation&quot;:&quot;both&quot;,&quot;autoplay&quot;:&quot;yes&quot;,&quot;pause_on_hover&quot;:&quot;yes&quot;,&quot;pause_on_interaction&quot;:&quot;yes&quot;,&quot;autoplay_speed&quot;:5000,&quot;infinite&quot;:&quot;yes&quot;,&quot;speed&quot;:500,&quot;image_spacing_custom&quot;:{&quot;unit&quot;:&quot;px&quot;,&quot;size&quot;:20,&quot;sizes&quot;:[]}}\" data-widget_type=\"image-carousel.default\">\n\t\t\t\t<div class=\"elementor-widget-container\">\n\t\t\t\t\t<div class=\"elementor-image-carousel-wrapper swiper-container\" dir=\"ltr\">\n\t\t\t<div class=\"elementor-image-carousel swiper-wrapper\">\n\t\t\t\t<div class=\"swiper-slide\"><figure class=\"swiper-slide-inner\"><img decoding=\"async\" class=\"swiper-slide-image\" src=\"https:\/\/fabiag.ch\/wp-content\/uploads\/2025\/05\/PHOTO-2025-04-04-13-56-45-2.jpg\" alt=\"PHOTO-2025-04-04-13-56-45-2\" \/><\/figure><\/div><div class=\"swiper-slide\"><figure class=\"swiper-slide-inner\"><img decoding=\"async\" class=\"swiper-slide-image\" src=\"https:\/\/fabiag.ch\/wp-content\/uploads\/2025\/05\/PHOTO-2025-04-04-13-58-29.jpg\" alt=\"PHOTO-2025-04-04-13-58-29\" \/><\/figure><\/div>\t\t\t<\/div>\n\t\t\t\t\t\t\t\t\t\t\t\t<div class=\"swiper-pagination\"><\/div>\n\t\t\t\t\t\t\t\t\t\t\t\t\t<div class=\"elementor-swiper-button elementor-swiper-button-prev\">\n\t\t\t\t\t\t<i class=\"eicon-chevron-left\" aria-hidden=\"true\"><\/i>\n\t\t\t\t\t\t<span class=\"elementor-screen-only\">Previous<\/span>\n\t\t\t\t\t<\/div>\n\t\t\t\t\t<div class=\"elementor-swiper-button elementor-swiper-button-next\">\n\t\t\t\t\t\t<i class=\"eicon-chevron-right\" aria-hidden=\"true\"><\/i>\n\t\t\t\t\t\t<span class=\"elementor-screen-only\">Next<\/span>\n\t\t\t\t\t<\/div>\n\t\t\t\t\t\t\t\t\t<\/div>\n\t\t\t\t<\/div>\n\t\t\t\t<\/div>\n\t\t\t\t\t\t<\/div>\n\t\t\t\t\t<\/div>\n\t\t<\/div>\n\t\t\t\t\t\t\t\t<\/div>\n\t\t\t\t\t<\/div>\n\t\t<\/section>\n\t\t\t\t\t\t<\/div>\n\t\t\t\t\t\t<\/div>\n\t\t\t\t\t<\/div>\n\t\t","protected":false},"excerpt":{"rendered":"<p>R\u00fcckbau R\u00fcckbau \u2013 Nachhaltig, Sorgf\u00e4ltig, Professionell Wir sind Ihr Spezialist f\u00fcr R\u00fcckbauarbeiten \u2013 den gezielten, sorgf\u00e4ltigen R\u00fcckbau von Geb\u00e4uden, technischen [&hellip;]<\/p>\n","protected":false},"author":1,"featured_media":0,"parent":0,"menu_order":0,"comment_status":"closed","ping_status":"closed","template":"","meta":{"site-sidebar-layout":"no-sidebar","site-content-layout":"","ast-site-content-layout":"full-width-container","site-content-style":"default","site-sidebar-style":"default","ast-global-header-display":"","ast-banner-title-visibility":"","ast-main-header-display":"","ast-hfb-above-header-display":"","ast-hfb-below-header-display":"","ast-hfb-mobile-header-display":"","site-post-title":"disabled","ast-breadcrumbs-content":"","ast-featured-img":"disabled","footer-sml-layout":"","theme-transparent-header-meta":"","adv-header-id-meta":"","stick-header-meta":"","header-above-stick-meta":"","header-main-stick-meta":"","header-below-stick-meta":"","astra-migrate-meta-layouts":"default","ast-page-background-enabled":"default","ast-page-background-meta":{"desktop":{"background-color":"var(--ast-global-color-5)","background-image":"","background-repeat":"repeat","background-position":"center center","background-size":"auto","background-attachment":"scroll","background-type":"","background-media":"","overlay-type":"","overlay-color":"","overlay-opacity":"","overlay-gradient":""},"tablet":{"background-color":"","background-image":"","background-repeat":"repeat","background-position":"center center","background-size":"auto","background-attachment":"scroll","background-type":"","background-media":"","overlay-type":"","overlay-color":"","overlay-opacity":"","overlay-gradient":""},"mobile":{"background-color":"","background-image":"","background-repeat":"repeat","background-position":"center center","background-size":"auto","background-attachment":"scroll","background-type":"","background-media":"","overlay-type":"","overlay-color":"","overlay-opacity":"","overlay-gradient":""}},"ast-content-background-meta":{"desktop":{"background-color":"var(--ast-global-color-4)","background-image":"","background-repeat":"repeat","background-position":"center center","background-size":"auto","background-attachment":"scroll","background-type":"","background-media":"","overlay-type":"","overlay-color":"","overlay-opacity":"","overlay-gradient":""},"tablet":{"background-color":"var(--ast-global-color-4)","background-image":"","background-repeat":"repeat","background-position":"center center","background-size":"auto","background-attachment":"scroll","background-type":"","background-media":"","overlay-type":"","overlay-color":"","overlay-opacity":"","overlay-gradient":""},"mobile":{"background-color":"var(--ast-global-color-4)","background-image":"","background-repeat":"repeat","background-position":"center center","background-size":"auto","background-attachment":"scroll","background-type":"","background-media":"","overlay-type":"","overlay-color":"","overlay-opacity":"","overlay-gradient":""}},"footnotes":""},"class_list":["post-533","page","type-page","status-publish","hentry"],"yoast_head":"<!-- This site is optimized with the Yoast SEO plugin v22.0 - https:\/\/yoast.com\/wordpress\/plugins\/seo\/ -->\n<title>Ruckbau -<\/title>\n<meta name=\"robots\" content=\"index, follow, max-snippet:-1, max-image-preview:large, max-video-preview:-1\" \/>\n<link rel=\"canonical\" href=\"https:\/\/fabiag.ch\/?page_id=533\" \/>\n<meta property=\"og:locale\" content=\"de_DE\" \/>\n<meta property=\"og:type\" content=\"article\" \/>\n<meta property=\"og:title\" content=\"Ruckbau -\" \/>\n<meta property=\"og:description\" content=\"R\u00fcckbau R\u00fcckbau \u2013 Nachhaltig, Sorgf\u00e4ltig, Professionell Wir sind Ihr Spezialist f\u00fcr R\u00fcckbauarbeiten \u2013 den gezielten, sorgf\u00e4ltigen R\u00fcckbau von Geb\u00e4uden, technischen [&hellip;]\" \/>\n<meta property=\"og:url\" content=\"https:\/\/fabiag.ch\/?page_id=533\" \/>\n<meta property=\"article:modified_time\" content=\"2025-05-01T21:58:20+00:00\" \/>\n<meta property=\"og:image\" content=\"https:\/\/fabiag.ch\/wp-content\/uploads\/2025\/05\/PHOTO-2025-04-04-13-52-06-3.jpg\" \/>\n<meta name=\"twitter:card\" content=\"summary_large_image\" \/>\n<meta name=\"twitter:label1\" content=\"Gesch\u00e4tzte Lesezeit\" \/>\n\t<meta name=\"twitter:data1\" content=\"4\u00a0Minuten\" \/>\n<script type=\"application\/ld+json\" class=\"yoast-schema-graph\">{\"@context\":\"https:\/\/schema.org\",\"@graph\":[{\"@type\":\"WebPage\",\"@id\":\"https:\/\/fabiag.ch\/?page_id=533\",\"url\":\"https:\/\/fabiag.ch\/?page_id=533\",\"name\":\"Ruckbau -\",\"isPartOf\":{\"@id\":\"https:\/\/fabiag.ch\/#website\"},\"datePublished\":\"2025-05-01T21:50:23+00:00\",\"dateModified\":\"2025-05-01T21:58:20+00:00\",\"breadcrumb\":{\"@id\":\"https:\/\/fabiag.ch\/?page_id=533#breadcrumb\"},\"inLanguage\":\"de-CH\",\"potentialAction\":[{\"@type\":\"ReadAction\",\"target\":[\"https:\/\/fabiag.ch\/?page_id=533\"]}]},{\"@type\":\"BreadcrumbList\",\"@id\":\"https:\/\/fabiag.ch\/?page_id=533#breadcrumb\",\"itemListElement\":[{\"@type\":\"ListItem\",\"position\":1,\"name\":\"Home\",\"item\":\"https:\/\/fabiag.ch\/\"},{\"@type\":\"ListItem\",\"position\":2,\"name\":\"Ruckbau\"}]},{\"@type\":\"WebSite\",\"@id\":\"https:\/\/fabiag.ch\/#website\",\"url\":\"https:\/\/fabiag.ch\/\",\"name\":\"\",\"description\":\"Just another WordPress site\",\"potentialAction\":[{\"@type\":\"SearchAction\",\"target\":{\"@type\":\"EntryPoint\",\"urlTemplate\":\"https:\/\/fabiag.ch\/?s={search_term_string}\"},\"query-input\":\"required name=search_term_string\"}],\"inLanguage\":\"de-CH\"}]}<\/script>\n<!-- \/ Yoast SEO plugin. -->","yoast_head_json":{"title":"Ruckbau -","robots":{"index":"index","follow":"follow","max-snippet":"max-snippet:-1","max-image-preview":"max-image-preview:large","max-video-preview":"max-video-preview:-1"},"canonical":"https:\/\/fabiag.ch\/?page_id=533","og_locale":"de_DE","og_type":"article","og_title":"Ruckbau -","og_description":"R\u00fcckbau R\u00fcckbau \u2013 Nachhaltig, Sorgf\u00e4ltig, Professionell Wir sind Ihr Spezialist f\u00fcr R\u00fcckbauarbeiten \u2013 den gezielten, sorgf\u00e4ltigen R\u00fcckbau von Geb\u00e4uden, technischen [&hellip;]","og_url":"https:\/\/fabiag.ch\/?page_id=533","article_modified_time":"2025-05-01T21:58:20+00:00","og_image":[{"url":"https:\/\/fabiag.ch\/wp-content\/uploads\/2025\/05\/PHOTO-2025-04-04-13-52-06-3.jpg"}],"twitter_card":"summary_large_image","twitter_misc":{"Gesch\u00e4tzte Lesezeit":"4\u00a0Minuten"},"schema":{"@context":"https:\/\/schema.org","@graph":[{"@type":"WebPage","@id":"https:\/\/fabiag.ch\/?page_id=533","url":"https:\/\/fabiag.ch\/?page_id=533","name":"Ruckbau -","isPartOf":{"@id":"https:\/\/fabiag.ch\/#website"},"datePublished":"2025-05-01T21:50:23+00:00","dateModified":"2025-05-01T21:58:20+00:00","breadcrumb":{"@id":"https:\/\/fabiag.ch\/?page_id=533#breadcrumb"},"inLanguage":"de-CH","potentialAction":[{"@type":"ReadAction","target":["https:\/\/fabiag.ch\/?page_id=533"]}]},{"@type":"BreadcrumbList","@id":"https:\/\/fabiag.ch\/?page_id=533#breadcrumb","itemListElement":[{"@type":"ListItem","position":1,"name":"Home","item":"https:\/\/fabiag.ch\/"},{"@type":"ListItem","position":2,"name":"Ruckbau"}]},{"@type":"WebSite","@id":"https:\/\/fabiag.ch\/#website","url":"https:\/\/fabiag.ch\/","name":"","description":"Just another WordPress site","potentialAction":[{"@type":"SearchAction","target":{"@type":"EntryPoint","urlTemplate":"https:\/\/fabiag.ch\/?s={search_term_string}"},"query-input":"required name=search_term_string"}],"inLanguage":"de-CH"}]}},"_links":{"self":[{"href":"https:\/\/fabiag.ch\/index.php?rest_route=\/wp\/v2\/pages\/533","targetHints":{"allow":["GET"]}}],"collection":[{"href":"https:\/\/fabiag.ch\/index.php?rest_route=\/wp\/v2\/pages"}],"about":[{"href":"https:\/\/fabiag.ch\/index.php?rest_route=\/wp\/v2\/types\/page"}],"author":[{"embeddable":true,"href":"https:\/\/fabiag.ch\/index.php?rest_route=\/wp\/v2\/users\/1"}],"replies":[{"embeddable":true,"href":"https:\/\/fabiag.ch\/index.php?rest_route=%2Fwp%2Fv2%2Fcomments&post=533"}],"version-history":[{"count":4,"href":"https:\/\/fabiag.ch\/index.php?rest_route=\/wp\/v2\/pages\/533\/revisions"}],"predecessor-version":[{"id":539,"href":"https:\/\/fabiag.ch\/index.php?rest_route=\/wp\/v2\/pages\/533\/revisions\/539"}],"wp:attachment":[{"href":"https:\/\/fabiag.ch\/index.php?rest_route=%2Fwp%2Fv2%2Fmedia&parent=533"}],"curies":[{"name":"wp","href":"https:\/\/api.w.org\/{rel}","templated":true}]}}