{"id":583,"date":"2025-06-01T20:27:27","date_gmt":"2025-06-01T20:27:27","guid":{"rendered":"https:\/\/fabiag.ch\/?page_id=583"},"modified":"2025-06-01T20:27:30","modified_gmt":"2025-06-01T20:27:30","slug":"impressum","status":"publish","type":"page","link":"https:\/\/fabiag.ch\/?page_id=583","title":{"rendered":"Impressum"},"content":{"rendered":"\n\t<div>\n\t\t<h2 style=\"margin:0 0 15px !important;padding:0px !important;\">Verantwortliche Instanz:<\/h2>\n\t\t<p style=\"margin:0 !important; padding:0 !important; line-height:1.3 !important;\">Fabi Demontagen AG<\/p>\n\t\t<p style=\"margin:0!important; padding:0 !important; line-height:1.3 !important;\">Birsstrasse 21<\/p>\n\t\t<p style=\"margin:0!important; padding:0 !important; line-height:1.3 !important;\">4132 Muttenz<\/p>\n\t\t<p style=\"margin:0 0 15px !important; padding:0 !important; line-height:1.3 !important;\">Schweiz<\/p>\n\t\t<p style=\"margin:0 0 15px !important; padding:0 !important; line-height:1.3 !important;\">\n\t\t\t<strong>E-Mail:<\/strong>\n\t\t\t<a href=\"mailto:info@fabiag.ch\">info@fabiag.ch<\/a>\n\t\t<\/p>\n\t\t<p style=\"margin:0 0 15px !important; padding:0 !important; line-height:1.3 !important;\">\n\t\t\t<strong>Telefonnummer:<\/strong>\n\t\t\t+41 76 522 84 84\n\t\t<\/p>\n\t\t<p style=\"margin:0 !important; padding:0 !important; line-height:1.3 !important;\">\n\t\t\t<strong>Vertretungsberechtigte Personen:<\/strong>\n\t\t<\/p>\n\t\t<p style=\"margin:0 0 15px !important; padding:0 !important; line-height:1.3 !important;\">Bitiq Faruk<\/p>\n\t\t<p style=\"margin:0 0 15px !important; padding:0 !important; line-height:1.3 !important;\">\n\t\t\t<strong>Name der Firma:<\/strong>\n\t\t\tFabi Demontagen AG\n\t\t<\/p>\n\t\t<p style=\"margin:0 0 15px !important; padding:0 !important; line-height:1.3 !important;\">\n\t\t\t<strong>Registrationsnummer:<\/strong>\n\t\t\tCHE-114.134.802\n\t\t<\/p>\n\t\t<p style=\"margin:0 0 15px !important; padding:0 !important; line-height:1.3 !important;\">\n\t\t\t<strong>Umsatzsteuer-Identifikationsnummer:<\/strong>\n\t\t\tCHE-114.134.802 MWST\n\t\t<\/p>\n\t\t<h3 style=\"margin:0px !important; padding:0 !important; line-height:1.3 !important;\">Haftungsausschluss:<\/h3>\n\t\t<p style=\"margin:0 0 15px !important; padding:0 !important; line-height:1.3 !important;\">Der Verfasser \u00fcbernimmt keine Verantwortung f\u00fcr die Richtigkeit, Genauigkeit, Aktualit\u00e4t, Zuverl\u00e4ssigkeit und Vollst\u00e4ndigkeit der Informationen auf dieser Webseite. Haftungsanspr\u00fcche gegen den Verfasser wegen Sch\u00e4den materieller oder immaterieller Natur, die durch den Zugriff, die Nutzung oder Nichtnutzung der ver\u00f6ffentlichten Informationen, durch Missbrauch der Verbindung oder durch technische St\u00f6rungen entstanden sind, werden ausgeschlossen. Alle Angebote sind freibleibend und unverbindlich. Der Verfasser beh\u00e4lt sich ausdr\u00fccklich vor, Teile der Seiten oder das gesamte Angebot ohne separate Ank\u00fcndigung zu ver\u00e4ndern, zu erg\u00e4nzen, zu l\u00f6schen oder die Ver\u00f6ffentlichung zeitweise oder endg\u00fcltig einzustellen.<\/p>\n\t\t<h3 style=\"margin:0px !important; padding:0 !important; line-height:1.3 !important;\">Haftungsausschluss f\u00fcr Inhalte und Links:<\/h3>\n\t\t<p style=\"margin:0 0 15px !important; padding:0 !important; line-height:1.3 !important;\">Verweise und Links auf Webseiten Dritter liegen ausserhalb unseres Verantwortungsbereichs. Eine Haftung f\u00fcr solche Webseiten wird vollumf\u00e4nglich abgelehnt. Der Zugang und die Nutzung solcher Webseiten erfolgen auf eigene Gefahr des Nutzers oder der Nutzerin.<\/p>\n\t\t<h3 style=\"margin:0px !important; padding:0 !important; line-height:1.3 !important;\">Urheberrechtserkl\u00e4rung:<\/h3>\n\t\t<p style=\"margin:0 0 15px !important; padding:0 !important; line-height:1.3 !important;\">\n\t\t\tDas Urheberrecht sowie alle anderen Rechte an den Inhalten, Bildern, Fotos und anderen Dateien auf der Webseite geh\u00f6ren ausschliesslich Fabi Demontagen AG oder den ausdr\u00fccklich benannten Rechtsinhabern. Die Gestaltung dieser Angaben erfolgte mit Unterst\u00fctzung durch den\n\t\t\t<a style=\"color: inherit; text-decoration: none;\" href=\"https:\/\/dartera.ch\/impressum-generator-schweiz\/\" target=\"_blank\" rel=\"noopener\">dartera Impressum-Generator.<\/a>\n\t\t\tJede Art der Vervielf\u00e4ltigung, Bearbeitung, Verbreitung und jede Art der Verwertung ausserhalb der Grenzen des Urheberrechts bed\u00fcrfen der vorherigen schriftlichen Zustimmung des jeweiligen Rechteinhabers.\n\t\t<\/p>\n\t\t<p style=\"margin:0 0 15px !important; padding:0 !important; line-height:1.3 !important;\">\n\t\t\t<strong>Quelle:<\/strong>\n\t\t\t<a style=\"color:inherit;text-decoration:none;\" href=\"https:\/\/dartera.ch\/\" target=\"_blank\">dartera<\/a>\n\t\t<\/p>\n\t<\/div>\n\n","protected":false},"excerpt":{"rendered":"<p>Verantwortliche Instanz: Fabi Demontagen AG Birsstrasse 21 4132 Muttenz Schweiz E-Mail: info@fabiag.ch Telefonnummer: +41 76 522 84 84 Vertretungsberechtigte Personen: [&hellip;]<\/p>\n","protected":false},"author":1,"featured_media":0,"parent":0,"menu_order":0,"comment_status":"closed","ping_status":"closed","template":"","meta":{"site-sidebar-layout":"default","site-content-layout":"","ast-site-content-layout":"","site-content-style":"default","site-sidebar-style":"default","ast-global-header-display":"","ast-banner-title-visibility":"","ast-main-header-display":"","ast-hfb-above-header-display":"","ast-hfb-below-header-display":"","ast-hfb-mobile-header-display":"","site-post-title":"disabled","ast-breadcrumbs-content":"","ast-featured-img":"","footer-sml-layout":"","theme-transparent-header-meta":"","adv-header-id-meta":"","stick-header-meta":"","header-above-stick-meta":"","header-main-stick-meta":"","header-below-stick-meta":"","astra-migrate-meta-layouts":"default","ast-page-background-enabled":"default","ast-page-background-meta":{"desktop":{"background-color":"var(--ast-global-color-5)","background-image":"","background-repeat":"repeat","background-position":"center center","background-size":"auto","background-attachment":"scroll","background-type":"","background-media":"","overlay-type":"","overlay-color":"","overlay-opacity":"","overlay-gradient":""},"tablet":{"background-color":"","background-image":"","background-repeat":"repeat","background-position":"center center","background-size":"auto","background-attachment":"scroll","background-type":"","background-media":"","overlay-type":"","overlay-color":"","overlay-opacity":"","overlay-gradient":""},"mobile":{"background-color":"","background-image":"","background-repeat":"repeat","background-position":"center center","background-size":"auto","background-attachment":"scroll","background-type":"","background-media":"","overlay-type":"","overlay-color":"","overlay-opacity":"","overlay-gradient":""}},"ast-content-background-meta":{"desktop":{"background-color":"var(--ast-global-color-4)","background-image":"","background-repeat":"repeat","background-position":"center center","background-size":"auto","background-attachment":"scroll","background-type":"","background-media":"","overlay-type":"","overlay-color":"","overlay-opacity":"","overlay-gradient":""},"tablet":{"background-color":"var(--ast-global-color-4)","background-image":"","background-repeat":"repeat","background-position":"center center","background-size":"auto","background-attachment":"scroll","background-type":"","background-media":"","overlay-type":"","overlay-color":"","overlay-opacity":"","overlay-gradient":""},"mobile":{"background-color":"var(--ast-global-color-4)","background-image":"","background-repeat":"repeat","background-position":"center center","background-size":"auto","background-attachment":"scroll","background-type":"","background-media":"","overlay-type":"","overlay-color":"","overlay-opacity":"","overlay-gradient":""}},"footnotes":""},"class_list":["post-583","page","type-page","status-publish","hentry"],"yoast_head":"<!-- This site is optimized with the Yoast SEO plugin v22.0 - https:\/\/yoast.com\/wordpress\/plugins\/seo\/ -->\n<title>Impressum -<\/title>\n<meta name=\"robots\" content=\"index, follow, max-snippet:-1, max-image-preview:large, max-video-preview:-1\" \/>\n<link rel=\"canonical\" href=\"https:\/\/fabiag.ch\/?page_id=583\" \/>\n<meta property=\"og:locale\" content=\"de_DE\" \/>\n<meta property=\"og:type\" content=\"article\" \/>\n<meta property=\"og:title\" content=\"Impressum -\" \/>\n<meta property=\"og:description\" content=\"Verantwortliche Instanz: Fabi Demontagen AG Birsstrasse 21 4132 Muttenz Schweiz E-Mail: info@fabiag.ch Telefonnummer: +41 76 522 84 84 Vertretungsberechtigte Personen: [&hellip;]\" \/>\n<meta property=\"og:url\" content=\"https:\/\/fabiag.ch\/?page_id=583\" \/>\n<meta property=\"article:modified_time\" content=\"2025-06-01T20:27:30+00:00\" \/>\n<meta name=\"twitter:card\" content=\"summary_large_image\" \/>\n<meta name=\"twitter:label1\" content=\"Gesch\u00e4tzte Lesezeit\" \/>\n\t<meta name=\"twitter:data1\" content=\"1\u00a0Minute\" \/>\n<script type=\"application\/ld+json\" class=\"yoast-schema-graph\">{\"@context\":\"https:\/\/schema.org\",\"@graph\":[{\"@type\":\"WebPage\",\"@id\":\"https:\/\/fabiag.ch\/?page_id=583\",\"url\":\"https:\/\/fabiag.ch\/?page_id=583\",\"name\":\"Impressum -\",\"isPartOf\":{\"@id\":\"https:\/\/fabiag.ch\/#website\"},\"datePublished\":\"2025-06-01T20:27:27+00:00\",\"dateModified\":\"2025-06-01T20:27:30+00:00\",\"breadcrumb\":{\"@id\":\"https:\/\/fabiag.ch\/?page_id=583#breadcrumb\"},\"inLanguage\":\"de-CH\",\"potentialAction\":[{\"@type\":\"ReadAction\",\"target\":[\"https:\/\/fabiag.ch\/?page_id=583\"]}]},{\"@type\":\"BreadcrumbList\",\"@id\":\"https:\/\/fabiag.ch\/?page_id=583#breadcrumb\",\"itemListElement\":[{\"@type\":\"ListItem\",\"position\":1,\"name\":\"Home\",\"item\":\"https:\/\/fabiag.ch\/\"},{\"@type\":\"ListItem\",\"position\":2,\"name\":\"Impressum\"}]},{\"@type\":\"WebSite\",\"@id\":\"https:\/\/fabiag.ch\/#website\",\"url\":\"https:\/\/fabiag.ch\/\",\"name\":\"\",\"description\":\"Just another WordPress site\",\"potentialAction\":[{\"@type\":\"SearchAction\",\"target\":{\"@type\":\"EntryPoint\",\"urlTemplate\":\"https:\/\/fabiag.ch\/?s={search_term_string}\"},\"query-input\":\"required name=search_term_string\"}],\"inLanguage\":\"de-CH\"}]}<\/script>\n<!-- \/ Yoast SEO plugin. -->","yoast_head_json":{"title":"Impressum -","robots":{"index":"index","follow":"follow","max-snippet":"max-snippet:-1","max-image-preview":"max-image-preview:large","max-video-preview":"max-video-preview:-1"},"canonical":"https:\/\/fabiag.ch\/?page_id=583","og_locale":"de_DE","og_type":"article","og_title":"Impressum -","og_description":"Verantwortliche Instanz: Fabi Demontagen AG Birsstrasse 21 4132 Muttenz Schweiz E-Mail: info@fabiag.ch Telefonnummer: +41 76 522 84 84 Vertretungsberechtigte Personen: [&hellip;]","og_url":"https:\/\/fabiag.ch\/?page_id=583","article_modified_time":"2025-06-01T20:27:30+00:00","twitter_card":"summary_large_image","twitter_misc":{"Gesch\u00e4tzte Lesezeit":"1\u00a0Minute"},"schema":{"@context":"https:\/\/schema.org","@graph":[{"@type":"WebPage","@id":"https:\/\/fabiag.ch\/?page_id=583","url":"https:\/\/fabiag.ch\/?page_id=583","name":"Impressum -","isPartOf":{"@id":"https:\/\/fabiag.ch\/#website"},"datePublished":"2025-06-01T20:27:27+00:00","dateModified":"2025-06-01T20:27:30+00:00","breadcrumb":{"@id":"https:\/\/fabiag.ch\/?page_id=583#breadcrumb"},"inLanguage":"de-CH","potentialAction":[{"@type":"ReadAction","target":["https:\/\/fabiag.ch\/?page_id=583"]}]},{"@type":"BreadcrumbList","@id":"https:\/\/fabiag.ch\/?page_id=583#breadcrumb","itemListElement":[{"@type":"ListItem","position":1,"name":"Home","item":"https:\/\/fabiag.ch\/"},{"@type":"ListItem","position":2,"name":"Impressum"}]},{"@type":"WebSite","@id":"https:\/\/fabiag.ch\/#website","url":"https:\/\/fabiag.ch\/","name":"","description":"Just another WordPress site","potentialAction":[{"@type":"SearchAction","target":{"@type":"EntryPoint","urlTemplate":"https:\/\/fabiag.ch\/?s={search_term_string}"},"query-input":"required name=search_term_string"}],"inLanguage":"de-CH"}]}},"_links":{"self":[{"href":"https:\/\/fabiag.ch\/index.php?rest_route=\/wp\/v2\/pages\/583","targetHints":{"allow":["GET"]}}],"collection":[{"href":"https:\/\/fabiag.ch\/index.php?rest_route=\/wp\/v2\/pages"}],"about":[{"href":"https:\/\/fabiag.ch\/index.php?rest_route=\/wp\/v2\/types\/page"}],"author":[{"embeddable":true,"href":"https:\/\/fabiag.ch\/index.php?rest_route=\/wp\/v2\/users\/1"}],"replies":[{"embeddable":true,"href":"https:\/\/fabiag.ch\/index.php?rest_route=%2Fwp%2Fv2%2Fcomments&post=583"}],"version-history":[{"count":1,"href":"https:\/\/fabiag.ch\/index.php?rest_route=\/wp\/v2\/pages\/583\/revisions"}],"predecessor-version":[{"id":584,"href":"https:\/\/fabiag.ch\/index.php?rest_route=\/wp\/v2\/pages\/583\/revisions\/584"}],"wp:attachment":[{"href":"https:\/\/fabiag.ch\/index.php?rest_route=%2Fwp%2Fv2%2Fmedia&parent=583"}],"curies":[{"name":"wp","href":"https:\/\/api.w.org\/{rel}","templated":true}]}}